{"id":4242,"date":"2024-05-23T09:08:36","date_gmt":"2024-05-23T12:08:36","guid":{"rendered":"https:\/\/comeflo.com.uy\/web\/?page_id=4242"},"modified":"2024-05-24T11:59:24","modified_gmt":"2024-05-24T14:59:24","slug":"vacunacion","status":"publish","type":"page","link":"https:\/\/comeflo.com.uy\/web\/vacunacion\/","title":{"rendered":"VACUNACI\u00d3N"},"content":{"rendered":"\t\t<div data-elementor-type=\"wp-page\" data-elementor-id=\"4242\" class=\"elementor elementor-4242\">\n\t\t\t\t\t\t<section class=\"elementor-section elementor-top-section elementor-element elementor-element-9f63c4e elementor-section-boxed elementor-section-height-default elementor-section-height-default\" data-id=\"9f63c4e\" data-element_type=\"section\" data-e-type=\"section\">\n\t\t\t\t\t\t<div class=\"elementor-container elementor-column-gap-default\">\n\t\t\t\t\t<div class=\"elementor-column elementor-col-33 elementor-top-column elementor-element elementor-element-060b0a1\" data-id=\"060b0a1\" data-element_type=\"column\" data-e-type=\"column\">\n\t\t\t<div class=\"elementor-widget-wrap elementor-element-populated\">\n\t\t\t\t\t\t<div class=\"elementor-element elementor-element-0283fe4 elementor-widget__width-initial elementor-widget elementor-widget-image\" data-id=\"0283fe4\" data-element_type=\"widget\" data-e-type=\"widget\" data-widget_type=\"image.default\">\n\t\t\t\t<div class=\"elementor-widget-container\">\n\t\t\t\t\t\t\t\t\t\t\t\t\t\t\t<img fetchpriority=\"high\" decoding=\"async\" width=\"1828\" height=\"2560\" src=\"https:\/\/comeflo.com.uy\/web\/wp-content\/uploads\/2024\/05\/vacunado-scaled.jpg\" class=\"attachment-full size-full wp-image-4247\" alt=\"\" srcset=\"https:\/\/comeflo.com.uy\/web\/wp-content\/uploads\/2024\/05\/vacunado-scaled.jpg 1828w, https:\/\/comeflo.com.uy\/web\/wp-content\/uploads\/2024\/05\/vacunado-214x300.jpg 214w, https:\/\/comeflo.com.uy\/web\/wp-content\/uploads\/2024\/05\/vacunado-731x1024.jpg 731w, https:\/\/comeflo.com.uy\/web\/wp-content\/uploads\/2024\/05\/vacunado-1097x1536.jpg 1097w, https:\/\/comeflo.com.uy\/web\/wp-content\/uploads\/2024\/05\/vacunado-1463x2048.jpg 1463w\" sizes=\"(max-width: 1828px) 100vw, 1828px\" \/>\t\t\t\t\t\t\t\t\t\t\t\t\t\t\t<\/div>\n\t\t\t\t<\/div>\n\t\t\t\t\t<\/div>\n\t\t<\/div>\n\t\t\t\t<div class=\"elementor-column elementor-col-66 elementor-top-column elementor-element elementor-element-d5ac718\" data-id=\"d5ac718\" data-element_type=\"column\" data-e-type=\"column\">\n\t\t\t<div class=\"elementor-widget-wrap elementor-element-populated\">\n\t\t\t\t\t\t<div class=\"elementor-element elementor-element-758fde7 elementor-widget elementor-widget-image-box\" data-id=\"758fde7\" data-element_type=\"widget\" data-e-type=\"widget\" data-widget_type=\"image-box.default\">\n\t\t\t\t<div class=\"elementor-widget-container\">\n\t\t\t\t\t<div class=\"elementor-image-box-wrapper\"><div class=\"elementor-image-box-content\"><h3 class=\"elementor-image-box-title\">LA IMPORTANCIA DE LA VACUNACI\u00d3N<\/h3><\/div><\/div>\t\t\t\t<\/div>\n\t\t\t\t<\/div>\n\t\t\t\t<div class=\"elementor-element elementor-element-f935307 elementor-widget elementor-widget-text-editor\" data-id=\"f935307\" data-element_type=\"widget\" data-e-type=\"widget\" data-widget_type=\"text-editor.default\">\n\t\t\t\t<div class=\"elementor-widget-container\">\n\t\t\t\t\t\t\t\t\t<p><span style=\"color: var( --e-global-color-text ); font-family: var( --e-global-typography-text-font-family ), Sans-serif; font-weight: var( --e-global-typography-text-font-weight );\">La vacunaci\u00f3n es considerada como una pr\u00e1ctica positiva y eficaz para la prevenci\u00f3n de enfermedades y un elemento clave dentro de la medicina preventiva. <\/span><span style=\"color: var( --e-global-color-text ); font-family: var( --e-global-typography-text-font-family ), Sans-serif; font-weight: var( --e-global-typography-text-font-weight );\">\u00a0<\/span><\/p><p><span style=\"color: var( --e-global-color-text ); font-family: var( --e-global-typography-text-font-family ), Sans-serif; font-weight: var( --e-global-typography-text-font-weight );\">Por medio de la vacunaci\u00f3n se ha logrado erradicar diversas enfermedades que han causado muchas muertes a nivel mundial, por lo que las vacunas son consideradas un gran logro dentro de la medicina y los sistemas de salud.\u00a0<\/span><\/p><p><span style=\"color: var( --e-global-color-text ); font-family: var( --e-global-typography-text-font-family ), Sans-serif; font-weight: var( --e-global-typography-text-font-weight );\">Uruguay cuenta con un excelente certificado y esquema de vacunaci\u00f3n que debemos fomentar y cuidar entre todos, manteni\u00e9ndolo vigente, respetando las edades de administraci\u00f3n, los cambios que se producen y la incorporaci\u00f3n de nuevas vacunas.<\/span><\/p>\t\t\t\t\t\t\t\t<\/div>\n\t\t\t\t<\/div>\n\t\t\t\t<div class=\"elementor-element elementor-element-be5ed73 elementor-widget__width-initial elementor-widget elementor-widget-image\" data-id=\"be5ed73\" data-element_type=\"widget\" data-e-type=\"widget\" data-widget_type=\"image.default\">\n\t\t\t\t<div class=\"elementor-widget-container\">\n\t\t\t\t\t\t\t\t\t\t\t\t\t\t\t<img decoding=\"async\" width=\"1024\" height=\"297\" src=\"https:\/\/comeflo.com.uy\/web\/wp-content\/uploads\/2024\/05\/horario_vacuna1_Mesa-de-trabajo-1-1024x297.jpg\" class=\"attachment-large size-large wp-image-4251\" alt=\"\" srcset=\"https:\/\/comeflo.com.uy\/web\/wp-content\/uploads\/2024\/05\/horario_vacuna1_Mesa-de-trabajo-1-1024x297.jpg 1024w, https:\/\/comeflo.com.uy\/web\/wp-content\/uploads\/2024\/05\/horario_vacuna1_Mesa-de-trabajo-1-300x87.jpg 300w, https:\/\/comeflo.com.uy\/web\/wp-content\/uploads\/2024\/05\/horario_vacuna1_Mesa-de-trabajo-1-1536x446.jpg 1536w, https:\/\/comeflo.com.uy\/web\/wp-content\/uploads\/2024\/05\/horario_vacuna1_Mesa-de-trabajo-1-2048x595.jpg 2048w\" sizes=\"(max-width: 1024px) 100vw, 1024px\" \/>\t\t\t\t\t\t\t\t\t\t\t\t\t\t\t<\/div>\n\t\t\t\t<\/div>\n\t\t\t\t\t<\/div>\n\t\t<\/div>\n\t\t\t\t\t<\/div>\n\t\t<\/section>\n\t\t\t\t<section class=\"elementor-section elementor-top-section elementor-element elementor-element-15b1008 elementor-section-boxed elementor-section-height-default elementor-section-height-default\" data-id=\"15b1008\" data-element_type=\"section\" data-e-type=\"section\">\n\t\t\t\t\t\t<div class=\"elementor-container elementor-column-gap-default\">\n\t\t\t\t\t<div class=\"elementor-column elementor-col-100 elementor-top-column elementor-element elementor-element-f5ed1c7\" data-id=\"f5ed1c7\" data-element_type=\"column\" data-e-type=\"column\">\n\t\t\t<div class=\"elementor-widget-wrap elementor-element-populated\">\n\t\t\t\t\t\t<div class=\"elementor-element elementor-element-460a852 elementor-widget-divider--view-line elementor-widget elementor-widget-divider\" data-id=\"460a852\" data-element_type=\"widget\" data-e-type=\"widget\" data-widget_type=\"divider.default\">\n\t\t\t\t<div class=\"elementor-widget-container\">\n\t\t\t\t\t\t\t<div class=\"elementor-divider\">\n\t\t\t<span class=\"elementor-divider-separator\">\n\t\t\t\t\t\t<\/span>\n\t\t<\/div>\n\t\t\t\t\t\t<\/div>\n\t\t\t\t<\/div>\n\t\t\t\t\t<\/div>\n\t\t<\/div>\n\t\t\t\t\t<\/div>\n\t\t<\/section>\n\t\t\t\t<section class=\"elementor-section elementor-top-section elementor-element elementor-element-9317079 elementor-section-boxed elementor-section-height-default elementor-section-height-default\" data-id=\"9317079\" data-element_type=\"section\" data-e-type=\"section\">\n\t\t\t\t\t\t<div class=\"elementor-container elementor-column-gap-default\">\n\t\t\t\t\t<div class=\"elementor-column elementor-col-100 elementor-top-column elementor-element elementor-element-4335b4f\" data-id=\"4335b4f\" data-element_type=\"column\" data-e-type=\"column\">\n\t\t\t<div class=\"elementor-widget-wrap elementor-element-populated\">\n\t\t\t\t\t\t<div class=\"elementor-element elementor-element-3a3331b elementor-widget elementor-widget-image\" data-id=\"3a3331b\" data-element_type=\"widget\" data-e-type=\"widget\" data-widget_type=\"image.default\">\n\t\t\t\t<div class=\"elementor-widget-container\">\n\t\t\t\t\t\t\t\t\t\t\t\t\t\t\t\t<a href=\"https:\/\/www.gub.uy\/ministerio-salud-publica\/vacunacion\">\n\t\t\t\t\t\t\t<img decoding=\"async\" width=\"314\" height=\"67\" src=\"https:\/\/comeflo.com.uy\/web\/wp-content\/uploads\/2024\/05\/boton_campana_Mesa-de-trabajo-1.png\" class=\"attachment-large size-large wp-image-4297\" alt=\"\" srcset=\"https:\/\/comeflo.com.uy\/web\/wp-content\/uploads\/2024\/05\/boton_campana_Mesa-de-trabajo-1.png 314w, https:\/\/comeflo.com.uy\/web\/wp-content\/uploads\/2024\/05\/boton_campana_Mesa-de-trabajo-1-300x64.png 300w, https:\/\/comeflo.com.uy\/web\/wp-content\/uploads\/2024\/05\/boton_campana_Mesa-de-trabajo-1-307x67.png 307w\" sizes=\"(max-width: 314px) 100vw, 314px\" \/>\t\t\t\t\t\t\t\t<\/a>\n\t\t\t\t\t\t\t\t\t\t\t\t\t\t\t<\/div>\n\t\t\t\t<\/div>\n\t\t\t\t\t<\/div>\n\t\t<\/div>\n\t\t\t\t\t<\/div>\n\t\t<\/section>\n\t\t\t\t<section class=\"elementor-section elementor-top-section elementor-element elementor-element-4e28f02 elementor-section-boxed elementor-section-height-default elementor-section-height-default\" data-id=\"4e28f02\" data-element_type=\"section\" data-e-type=\"section\">\n\t\t\t\t\t\t<div class=\"elementor-container elementor-column-gap-default\">\n\t\t\t\t\t<div class=\"elementor-column elementor-col-100 elementor-top-column elementor-element elementor-element-21b36ad\" data-id=\"21b36ad\" data-element_type=\"column\" data-e-type=\"column\">\n\t\t\t<div class=\"elementor-widget-wrap elementor-element-populated\">\n\t\t\t\t\t\t<div class=\"elementor-element elementor-element-10dc92b elementor-widget-divider--view-line elementor-widget elementor-widget-divider\" data-id=\"10dc92b\" data-element_type=\"widget\" data-e-type=\"widget\" data-widget_type=\"divider.default\">\n\t\t\t\t<div class=\"elementor-widget-container\">\n\t\t\t\t\t\t\t<div class=\"elementor-divider\">\n\t\t\t<span class=\"elementor-divider-separator\">\n\t\t\t\t\t\t<\/span>\n\t\t<\/div>\n\t\t\t\t\t\t<\/div>\n\t\t\t\t<\/div>\n\t\t\t\t\t<\/div>\n\t\t<\/div>\n\t\t\t\t\t<\/div>\n\t\t<\/section>\n\t\t\t\t<section class=\"elementor-section elementor-top-section elementor-element elementor-element-f299a66 elementor-section-boxed elementor-section-height-default elementor-section-height-default\" data-id=\"f299a66\" data-element_type=\"section\" data-e-type=\"section\">\n\t\t\t\t\t\t<div class=\"elementor-container elementor-column-gap-default\">\n\t\t\t\t\t<div class=\"elementor-column elementor-col-100 elementor-top-column elementor-element elementor-element-a357fe2\" data-id=\"a357fe2\" data-element_type=\"column\" data-e-type=\"column\">\n\t\t\t<div class=\"elementor-widget-wrap elementor-element-populated\">\n\t\t\t\t\t\t<div class=\"elementor-element elementor-element-3281ccf elementor-widget elementor-widget-video\" data-id=\"3281ccf\" data-element_type=\"widget\" data-e-type=\"widget\" data-settings=\"{&quot;video_type&quot;:&quot;hosted&quot;,&quot;controls&quot;:&quot;yes&quot;}\" data-widget_type=\"video.default\">\n\t\t\t\t<div class=\"elementor-widget-container\">\n\t\t\t\t\t\t\t<div class=\"e-hosted-video elementor-wrapper elementor-open-inline\">\n\t\t\t\t\t<video class=\"elementor-video\" src=\"https:\/\/comeflo.com.uy\/web\/wp-content\/uploads\/2024\/05\/vacunas_salvanvidas.mp4\" controls=\"\" preload=\"metadata\" controlsList=\"nodownload\"><\/video>\n\t\t\t\t<\/div>\n\t\t\t\t\t\t<\/div>\n\t\t\t\t<\/div>\n\t\t\t\t<div class=\"elementor-element elementor-element-9cfff8d elementor-widget elementor-widget-spacer\" data-id=\"9cfff8d\" data-element_type=\"widget\" data-e-type=\"widget\" data-widget_type=\"spacer.default\">\n\t\t\t\t<div class=\"elementor-widget-container\">\n\t\t\t\t\t\t\t<div class=\"elementor-spacer\">\n\t\t\t<div class=\"elementor-spacer-inner\"><\/div>\n\t\t<\/div>\n\t\t\t\t\t\t<\/div>\n\t\t\t\t<\/div>\n\t\t\t\t\t<\/div>\n\t\t<\/div>\n\t\t\t\t\t<\/div>\n\t\t<\/section>\n\t\t\t\t<section class=\"elementor-section elementor-top-section elementor-element elementor-element-1035466 elementor-section-boxed elementor-section-height-default elementor-section-height-default\" data-id=\"1035466\" data-element_type=\"section\" data-e-type=\"section\">\n\t\t\t\t\t\t<div class=\"elementor-container elementor-column-gap-default\">\n\t\t\t\t\t<div class=\"elementor-column elementor-col-100 elementor-top-column elementor-element elementor-element-21b8987\" data-id=\"21b8987\" data-element_type=\"column\" data-e-type=\"column\">\n\t\t\t<div class=\"elementor-widget-wrap\">\n\t\t\t\t\t\t\t<\/div>\n\t\t<\/div>\n\t\t\t\t\t<\/div>\n\t\t<\/section>\n\t\t\t\t<section class=\"elementor-section elementor-top-section elementor-element elementor-element-8a98cfa elementor-section-boxed elementor-section-height-default elementor-section-height-default\" data-id=\"8a98cfa\" data-element_type=\"section\" data-e-type=\"section\">\n\t\t\t\t\t\t<div class=\"elementor-container elementor-column-gap-default\">\n\t\t\t\t\t<div class=\"elementor-column elementor-col-100 elementor-top-column elementor-element elementor-element-bf66687\" data-id=\"bf66687\" data-element_type=\"column\" data-e-type=\"column\">\n\t\t\t<div class=\"elementor-widget-wrap elementor-element-populated\">\n\t\t\t\t\t\t<div class=\"elementor-element elementor-element-9d7070b elementor-widget elementor-widget-video\" data-id=\"9d7070b\" data-element_type=\"widget\" data-e-type=\"widget\" data-settings=\"{&quot;video_type&quot;:&quot;hosted&quot;,&quot;controls&quot;:&quot;yes&quot;}\" data-widget_type=\"video.default\">\n\t\t\t\t<div class=\"elementor-widget-container\">\n\t\t\t\t\t\t\t<div class=\"e-hosted-video elementor-wrapper elementor-open-inline\">\n\t\t\t\t\t<video class=\"elementor-video\" src=\"https:\/\/comeflo.com.uy\/web\/wp-content\/uploads\/2024\/05\/mitos_vacunas_pantallas.mp4\" controls=\"\" preload=\"metadata\" controlsList=\"nodownload\"><\/video>\n\t\t\t\t<\/div>\n\t\t\t\t\t\t<\/div>\n\t\t\t\t<\/div>\n\t\t\t\t<div class=\"elementor-element elementor-element-9ab3adc elementor-widget elementor-widget-spacer\" data-id=\"9ab3adc\" data-element_type=\"widget\" data-e-type=\"widget\" data-widget_type=\"spacer.default\">\n\t\t\t\t<div class=\"elementor-widget-container\">\n\t\t\t\t\t\t\t<div class=\"elementor-spacer\">\n\t\t\t<div class=\"elementor-spacer-inner\"><\/div>\n\t\t<\/div>\n\t\t\t\t\t\t<\/div>\n\t\t\t\t<\/div>\n\t\t\t\t\t<\/div>\n\t\t<\/div>\n\t\t\t\t\t<\/div>\n\t\t<\/section>\n\t\t\t\t<section class=\"elementor-section elementor-top-section elementor-element elementor-element-e6d6491 elementor-section-boxed elementor-section-height-default elementor-section-height-default\" data-id=\"e6d6491\" data-element_type=\"section\" data-e-type=\"section\">\n\t\t\t\t\t\t<div class=\"elementor-container elementor-column-gap-default\">\n\t\t\t\t\t<div class=\"elementor-column elementor-col-100 elementor-top-column elementor-element elementor-element-9219590\" data-id=\"9219590\" data-element_type=\"column\" data-e-type=\"column\">\n\t\t\t<div class=\"elementor-widget-wrap\">\n\t\t\t\t\t\t\t<\/div>\n\t\t<\/div>\n\t\t\t\t\t<\/div>\n\t\t<\/section>\n\t\t\t\t<section class=\"elementor-section elementor-top-section elementor-element elementor-element-d59b777 elementor-section-boxed elementor-section-height-default elementor-section-height-default\" data-id=\"d59b777\" data-element_type=\"section\" data-e-type=\"section\">\n\t\t\t\t\t\t<div class=\"elementor-container elementor-column-gap-default\">\n\t\t\t\t\t<div class=\"elementor-column elementor-col-100 elementor-top-column elementor-element elementor-element-c8724fc\" data-id=\"c8724fc\" data-element_type=\"column\" data-e-type=\"column\">\n\t\t\t<div class=\"elementor-widget-wrap elementor-element-populated\">\n\t\t\t\t\t\t<div class=\"elementor-element elementor-element-bab2e6c elementor-widget elementor-widget-video\" data-id=\"bab2e6c\" data-element_type=\"widget\" data-e-type=\"widget\" data-settings=\"{&quot;video_type&quot;:&quot;hosted&quot;,&quot;controls&quot;:&quot;yes&quot;}\" data-widget_type=\"video.default\">\n\t\t\t\t<div class=\"elementor-widget-container\">\n\t\t\t\t\t\t\t<div class=\"e-hosted-video elementor-wrapper elementor-open-inline\">\n\t\t\t\t\t<video class=\"elementor-video\" src=\"https:\/\/comeflo.com.uy\/web\/wp-content\/uploads\/2024\/05\/vacunas_esquema_pantallas-1.mp4\" controls=\"\" preload=\"metadata\" controlsList=\"nodownload\"><\/video>\n\t\t\t\t<\/div>\n\t\t\t\t\t\t<\/div>\n\t\t\t\t<\/div>\n\t\t\t\t\t<\/div>\n\t\t<\/div>\n\t\t\t\t\t<\/div>\n\t\t<\/section>\n\t\t\t\t<section class=\"elementor-section elementor-top-section elementor-element elementor-element-c4499bb elementor-section-boxed elementor-section-height-default elementor-section-height-default\" data-id=\"c4499bb\" data-element_type=\"section\" data-e-type=\"section\">\n\t\t\t\t\t\t<div class=\"elementor-container elementor-column-gap-default\">\n\t\t\t\t\t<div class=\"elementor-column elementor-col-100 elementor-top-column elementor-element elementor-element-b00b644\" data-id=\"b00b644\" data-element_type=\"column\" data-e-type=\"column\">\n\t\t\t<div class=\"elementor-widget-wrap elementor-element-populated\">\n\t\t\t\t\t\t\t<\/div>\n\t\t<\/div>\n\t\t\t\t\t<\/div>\n\t\t<\/section>\n\t\t\t\t<section class=\"elementor-section elementor-top-section elementor-element elementor-element-590f32c elementor-section-boxed elementor-section-height-default elementor-section-height-default\" data-id=\"590f32c\" data-element_type=\"section\" data-e-type=\"section\">\n\t\t\t\t\t\t<div class=\"elementor-container elementor-column-gap-default\">\n\t\t\t\t\t<div class=\"elementor-column elementor-col-100 elementor-top-column elementor-element elementor-element-b5633e3\" data-id=\"b5633e3\" data-element_type=\"column\" data-e-type=\"column\">\n\t\t\t<div class=\"elementor-widget-wrap\">\n\t\t\t\t\t\t\t<\/div>\n\t\t<\/div>\n\t\t\t\t\t<\/div>\n\t\t<\/section>\n\t\t\t\t<\/div>\n\t\t","protected":false},"excerpt":{"rendered":"<p>LA IMPORTANCIA DE LA VACUNACI\u00d3N La vacunaci\u00f3n es considerada como una pr\u00e1ctica positiva y eficaz para la prevenci\u00f3n de enfermedades y un elemento clave dentro de la medicina preventiva. \u00a0 Por medio de la vacunaci\u00f3n se ha logrado erradicar diversas enfermedades que han causado muchas muertes a nivel mundial, por lo que las vacunas son&#8230;<\/p>\n","protected":false},"author":1,"featured_media":0,"parent":0,"menu_order":0,"comment_status":"closed","ping_status":"closed","template":"","meta":{"_monsterinsights_skip_tracking":false,"_monsterinsights_sitenote_active":false,"_monsterinsights_sitenote_note":"","_monsterinsights_sitenote_category":0,"footnotes":""},"class_list":["post-4242","page","type-page","status-publish","hentry"],"aioseo_notices":[],"_links":{"self":[{"href":"https:\/\/comeflo.com.uy\/web\/wp-json\/wp\/v2\/pages\/4242","targetHints":{"allow":["GET"]}}],"collection":[{"href":"https:\/\/comeflo.com.uy\/web\/wp-json\/wp\/v2\/pages"}],"about":[{"href":"https:\/\/comeflo.com.uy\/web\/wp-json\/wp\/v2\/types\/page"}],"author":[{"embeddable":true,"href":"https:\/\/comeflo.com.uy\/web\/wp-json\/wp\/v2\/users\/1"}],"replies":[{"embeddable":true,"href":"https:\/\/comeflo.com.uy\/web\/wp-json\/wp\/v2\/comments?post=4242"}],"version-history":[{"count":10,"href":"https:\/\/comeflo.com.uy\/web\/wp-json\/wp\/v2\/pages\/4242\/revisions"}],"predecessor-version":[{"id":4301,"href":"https:\/\/comeflo.com.uy\/web\/wp-json\/wp\/v2\/pages\/4242\/revisions\/4301"}],"wp:attachment":[{"href":"https:\/\/comeflo.com.uy\/web\/wp-json\/wp\/v2\/media?parent=4242"}],"curies":[{"name":"wp","href":"https:\/\/api.w.org\/{rel}","templated":true}]}}